 + -27 - 26).
-14
Calculate 15 - (74 + -59 - (45 - 2)).
43
16 - ((-30 - 0) + -26 + 49 - -147)
-124
What is (-3 - -2) + -1 + -969 + 924?
-47
What is 23 + 87 + -89 + -58?
-37
What is the value of -199 - (175 + -363) - (2 - (22 + 2))?
11
Calculate 10 - (-3 - -2 - -4 - -11) - 7.
-11
Calculate -17 + 0 - ((-4 - 92) + 93).
-14
Evaluate (4 - (9 + -3 + -13 - -16)) + -5.
-10
Calculate 5 + -1 - 2 - (-34 + (25 - -39) + -38).
10
What is the value of (-13 - 18) + 82 - 43?
8
What is 48 + (-12 - -18) + -29 + 7?
32
Evaluate 177 + -145 + -2 + -11 + 16 + (3 - 1).
37
What is -94 + (-15 - -24) + (12 - 3 - 4)?
-80
Calculate -33 + (99 - 91) + 13 + 2.
-10
What is the value of 28 - 2 - (185 + -228)?
69
Calculate 25 - -7 - (-192 + 152).
72
Evaluate -49 - (-34 + 96 + -213).
102
-1267 + 1180 + -1 + 38
-50
What is the value of -102 + (12 - (-126 - -121))?
-85
What is the value of -12 - (-47 + -2 + 56)?
-19
Evaluate (-13 - -1) + 72 + -125 + 82.
17
What is 7 + 0 - 88 - (-14 + (2 - -16))?
-85
What is 4 - (5 + -72 + -12 - (17 - 3))?
97
What is the value of (-56 - -4) + 10 + -9?
-51
What is the value of (-4 - -8 - (-65 - -54)) + (81 - -7)?
103
(62 - (-5 - 11)) + (-11 + -1 - (15 - 17))
68
Calculate (-1 - 42) + (13 + 58 - 63).
-35
What is the value of 3 + -32 + (71 - 27)?
15
What is the value of -154 - (-169 - (-181 + 107))?
-59
What is the value of 18 + (11 - 59) + (-7 - -26)?
-11
1 + (-8 - -12 - (2 - (-18 + -28))) - -14
-29
What is -19 - ((-58 - 9) + (23 - 12))?
37
Evaluate (-10905 - -10894) + (-1 - -74).
62
Evaluate -18 + 51 + (10 - (-10 - -23)).
30
What is the value of -360 + 315 - (-10 + 16 - (1 + -3) - -1)?
-54
Calculate -62 + 3 + 47 + 32.
20
What is the value of (2 - (13 + 0)) + 77 + 179 + -186?
59
(0 - -1) + -54 + (112 - (288 + -180))
-49
What is the value of 0 - 69 - ((141 - 126) + -15)?
-69
What is 1289 - 1278 - (-2 + -11 - -1)?
23
Calculate -40 + -7 + 26 + 63.
42
What is (2 - -16 - 5) + (-7 - 15) + -87?
-96
What is -8 + -2 + -16 + (5 - -2) + 7 + 7?
-5
Calculate 157 + -135 + -2 + -45.
-25
Evaluate (-77 - -6) + 2 + 7 + -14 + 3.
-73
Evaluate 0 + -19 + 15 + 6 + -13 + 61.
50
(28 - 36 - 76) + -13
-97
Calculate -2 + (3 - 0) + (90 - 101 - (1 + 7)).
-18
What is 11 + (-72 - (14 - 55))?
-20
What is the value of -9 + 13 + 17 + -41 - -40?
20
What is the value of (-125 - -145 - 17) + (-1 + 2 - 18)?
-14
What is 7 + 6 - (59 + (17 + (-7 - 2) - 8))?
-46
29 - (4 - -14 - 1)
12
What is -8 + (-106 - -95) + 2?
-17
Evaluate -49 - (43 - 45) - -80.
33
1 + -7 + 27 + (-1 - 39) - (5 - 0)
-24
77 - (77 + 106) - -32
-74
Calculate 21410 + -21290 + (-160 - 1).
-41
What is the value of 13 - ((0 - 18) + (2 - -37)) - (2 - 76)?
66
Evaluate (-133 - 114) + 65 - -88.
-94
Evaluate (-15 - (7 - (15 - (4 - 6)))) + 39.
34
Calculate 20 - ((-19 - 19) + 25).
33
What is (-2 - -8) + 6 - (20 + 33 + -18)?
-23
Calculate -1667 - -1764 - (-29 + 0) - -7.
133
Calculate (-11 - (9 - 5)) + 4 + 50 + (-37 - -12).
14
What is the value of 2 - 25 - (489 + -494)?
-18
What is the value of -3 + -2 + (3 - -9) + 3 + (-23829 - -23791)?
-28
What is the value of -6 - (73 - 52 - -6)?
-33
-7 - ((-1 - 2) + 17)
-21
Calculate (2627 - 2641) + -1 + -1 + -1.
-17
What is -13 + 86 + 37 + -123?
-13
What is the value of -6 - (1 + 3 + (509 - 512))?
-7
What is the value of -3 + (-6 - -18 - 16) + -4 + -2 + 2?
-11
What is the value of -7 + -8 + 1 + -8 - -40?
18
Evaluate -34 + 2 + 1 + (28 - (57 - 16)).
-44
What is the value of (3 - (3 - -90)) + 106 + -96?
-80
8 + -26 + 25 + -12 + -9
-14
Calculate (-52 - -43) + -8 + 13.
-4
What is (-218 - (-433 - -172)) + -21 + -1?
21
34 - (-32 + 35 + 20)
11
Calculate (3877 - 3919) + (-1 - 1).
-44
Calculate (2 - 6 - (-8 + (0 - 8))) + 24.
36
What is the value of ((4 - 6) + 5 - (78 + -78) - 24) + -7?
-28
What is -21 - (0 + 5 + -34 + 0)?
8
What is 6 + 9 + -17 + -1 + (1 - 11)?
-13
Evaluate 1566 + -1302 + (5 - 158).
111
Evaluate -2 - -10 - (-5 + 13 + 0 - (10 - 53)).
-43
Calculate 1 - 34 - (1 + (-30 - -27) - -10).
-41
Calculate -50 - (42 - (113 + -24)).
-3
What is (-8 - (-73 + 28)) + -17?
20
256 + -235 + (-25 - -3)
-1
(35 - -22 - 32 - 2) + (-2 - -2) + 4
27
What is the value of (-105 - -15 - -50) + 14?
-26
182 - 97 - 11 - (-1 + -1 + 11 + -3)
68
1 - -20 - (-5304 + 5355)
-30
What is the value of -57 + (-9 - 10) + 71?
-5
What is the value of 223 + -175 - ((0 - -4) + -12)?
56
What is (63 - 15 - 37) + (-38 - -3 - 3)?
-27
Calculate 15 - -28 - 91 - -64.
16
What is the value of -12 + (-20 - -125) - (56 - 14)?
51
What is the value of 37 - (557 - 547 - (1 + -2))?
26
What is 6 + 38 + (9 - 13 - 2) + 1?
39
Evaluate -11 - (33 - (-46 - -32)).
-58
What is the value of 182 + -348 - (-6 - 102)?
-58
What is the value of (134 + -62 - 39) + 2 + -8?
27
-3 + 5 + (3 - 7) + -6 + 11 + 32
35
Calculate 39 - 40 - (-5 - 1) - (58 + -67).
14
-39 - -34 - (13 + -56)
38
Calculate -80 - (-10 - 14) - -82.
26
Evaluate -3319 - -3391 - (2 - (1 - (-11 - 1))).
83
Calculate 10 - (-1 + -3 + -1 + (11 - (9 - 4))).
9
What is the value of (-5 - (-92 + 2)) + 30 + -15 + (-6 - 15)?
79
(-72 - -115) + (-19 - 27)
-3
-8 + -4 + (-8 + -1 - -20) + (-51 - -50)
-2
70 - 77 - (-4 + 6) - ((-7 - -7) + -46)
37
Calculate 24 - (1 + (1 - 2)) - (-386 - (-737 - -359)).
32
Evaluate 7 - (540 + -465 - (0 - -23)).
-45
Evaluate (-6 - 66) + 41 - 46.
-77
What is 28 - (-69 - 75 - -82)?
90
Evaluate -84 - ((-7 - -153) + -195).
-35
Calculate -18 - (-39 + -21 + 41) - (-10 - 0).
11
Calculate (4 + (3 - 7 - -1) - -1) + -908 + 1004.
98
Evaluate (9 - (9 + 22)) + 3 + 9.
-10
Calculate -19 + -74 + -32 + 73.
-52
What is the value of -2 - (-6 + (4 - 11) + 21 + -43)?
33
Calculate 51 + (16 - 1) + (-2 - -14 - (-90 - -110)).
58
What is 1 - ((-120 - -107) + 3 + 2 + -3)?
12
Calculate (56 - 2) + (-10340 - -10233).
-53
What is -1 + 7 - 52 - (3 - (34 - 19))?
-34
What is (-9 - (25 + -10)) + -177 + 145?
-56
Evaluate 51 + -27 + -17 - -47.
54
Calculate 108 + -46 + (-3 - (12 - 91)).
138
Calculate (-6 + 3 - -3 - 5) + -7 + -50 + 162.
100
(-41 - -59) + -56 + -6
-44
What is the value of 37 + -42 + (-34 - -94)?
55
What is the value of -3 - (-19 - ((-26 - (4 - 2)) + 15) - 4)?
7
(-53 - -36) + (-2 - 17) + -4
-40
Calculate 56 + (-61 - -23) + (-50 - 1).
-33
Evaluate -115 + (207 - 93) + 0 + -44.
-45
What is the value of (14 + -36 - -19) + 5 - 15?
-13
What is -32 + 47 + -35 - (-41 + -4)?
25
Calculate -3 - (3 + -1 - 125) - (165 - 157) - -7.
119
Evaluate (-202 + 189 - (-4 - 1)) + 7.
-1
What is the value of (70 - 91 - -106) + -15?
70
Calculate -26 - (-22 - (-3 + -33)).
-40
(40 - 1) + -1 - (-5211 + 5192)
57
What is the value of 7 - (-16 + 30 - -6 - 15) - (0 + -6)?
8
Calculate 1 + 2246 + -2245 + (6 - 1) + -1.
6
What is (36 - (47 + -7)) + (-49 - -19)?
-34
What is 23 + -141 + (-25 - -77)?
-66
Calculate (-9 - -43 - (-2 - -65)) + 112.
83
What is 34 + (-24 - 6) - (0 + 5) - -25 - 8?
16
Calculate -133 + -60 + 126 + 126.
59
Calculate (2 - 3) + 1905 + -1942.
-38
What is the value of 1 + -11 - (-3 + -1 + 4 - (49 + -49))?
-10
What is (-8 - (-10 + -3 + 15) - 0) + 10?
0
What is the value of -27 + -36 + 38 - ((4 - 14) + -1) - -103?
89
What is the value of 40 + (13 - (43 - -26))?
-16
-13 + (-62 + 57 + -10 + 1 - -9)
-18
What is (-2 + 4 - -6 - 130) + -7 - (47 - 46)?
-130
What is the value of -1181 - -1135 - (-2 - 81)?
37
Calculate -22 + 32 + -13 + (-6 - -14) + -1 + -5.
-1
5 + 0 - (-2128 - -2139)
-6
(4 - 1) + 43 - ((15 - 30 - -9) + -2)
54
What is 34 + (-48 - (-27 + -20) - (-2 - 0))?
35
What is -27 + 4 + 2 + (-20 - (-17 + -2)) + -1?
-23
What is the value of (268 - 207) + -2 + -18?
41
Calculate 15 + (92 - (-6 + 0)) + 67 + -81 + 14.
113
Calculate 2 - (-74 + -38 + 91).
23
Evaluate (15 - (-1 - -2)) + (-334 - -258) + -60 + -1.
-123
Calculate (-107 - -40) + -88 + 99.
-56
What is the value of 54 + (-85 - -44) + 82?
95
Evaluate -3 - (48 - -14) - (353 - 352).
-66
Evaluate 1 - -1 - (38 - ((0 - 40) + 21)).
-55
Calculate (-3 - 44) + -10 + 1 - (30 + -40).
-46
-62 + -103 + 147 + -24
-42
What is (0 + 26 - -10) + (-3 - 1)?
32
-34 - (-64 + 57 + -97)
70
What is -113 + -42 + 17 + 18 + (16 - -2) + -8?
-110
What is (-57 + -10 - 4) + 17 + 5 + -8?
-57
5 + (-105 - (-9 + (-11 - 4) + 33))
-109
What is 5 - (515 + -419 - (0 - 0 - 5))?
-96
Evaluate 0 + 0 + (15 - 10 - 4 - 6) + 4.
-1
Calculate 28 + 19 + -20 + 21 + -15.
33
Calculate 3 + (10 + 3 + -5 - (14 - 57)).
54
What is -3 + 1 + 1 + 22 + -15 +